/(1 + -4)*2/4. Let s(g) = g**2 + 7*g - 2. List the prime factors of s(v).
2, 3, 7
Let g be 7/2*144/126. Suppose -g*r + 20 = -b, -b = -4*r - 5*b. Suppose u = -3*u + r, 4*a - 3*u = 97. What are the prime factors of a?
5
Suppose -71*n = -58*n - 65. Let b(p) = 80*p - 41. List the prime factors of b(n).
359
Let g be (15/10)/(4/6016*6). Suppose 5*c - a = 958, -5*c = -3*c - 4*a - g. What are the prime factors of c?
2, 3
Let l(x) = 3407*x**2 - 16*x + 41. What are the prime factors of l(4)?
3, 41, 443
Let g be 66/4 - (-6)/4. Suppose 1275 = -n + g*n. List the prime factors of n.
3, 5
List the prime factors of (23997/(-76))/(2*24/(-640)).
2, 5, 421
Let o = -21628 + 41445. What are the prime factors of o?
7, 19, 149
Suppose 0 = -4*a + k - 4*k + 18639, 0 = -2*a - 5*k + 9337. What are the prime factors of a?
2, 3, 97
Let g = 458 - 27. Let o = 1344 + g. List the prime factors of o.
5, 71
Suppose 29*i - 32*i + 36387 = 0. Suppose 25*z = 64*z - i. What are the prime factors of z?
311
Let u(k) = k**3 + 20*k**2 + 10*k - 40. Let l be u(-19). Suppose 0*d - d + 769 = 3*n, -794 = -3*n + 4*d. Let p = n - l. List the prime factors of p.
127
Let f(s) = -2*s**2 - s + 11. Let w(x) = -2*x**2 - 2*x + 12. Let g(y) = -5*f(y) + 4*w(y). Let q be g(-2). Suppose -q*c = -c - 702. List the prime factors of c.
3, 13
Suppose 2*f + 248172 = 5*i, 3*i - 142517 - 6403 = 4*f. List the prime factors of i.
2, 3, 11, 47
Suppose -2*f + 3*i + 937 = 0, 2*f + i - 961 = -4*i. Suppose 11*n - 176 = f. Suppose -n = 5*u - 6*u. What are the prime factors of u?
59
Let v = -9 - -44. Suppose -3*f + 60 = 5*n, 2*f = 5*n - 50 - v. What are the prime factors of (-6)/(5/((-125)/n))?
2, 5
Let b = 9957 + -4496. What are the prime factors of b?
43, 127
Let g = 88448 - 26363. List the prime factors of g.
3, 5, 4139
Suppose 2 = 2*f - 2. Suppose f*x - 2*c - 236 = 0, -x - 54 + 164 = c. Let q = 5 + x. List the prime factors of q.
7, 17
Suppose -4*v + 334 = 18. Let q = v + -48. Suppose 0*m - m + q = -4*y, -2*y = 0. List the prime factors of m.
31
Let l(c) = -4*c**3 - 186*c**2 + 58*c + 78. List the prime factors of l(-47).
2, 3, 5, 59
Suppose 4*t - 14*t - 22*t = -264448. What are the prime factors of t?
2, 1033
Let y(p) = -62*p - 13. Let u(m) = 36*m + 7. Let q(d) = 7*u(d) + 4*y(d). Let k = 21 - 6. What are the prime factors of q(k)?
3, 19
List the prime factors of 46/(-506) + 88860/22.
7, 577
Let i(g) = g**3 - 6*g**2 + 2*g - 3. Let b be i(5). Let d(v) = -v**2 - 20*v + 43. Let w be d(b). What are the prime factors of (-4 - 4 - -4) + w?
3, 5
Suppose 2*s + 5 = -l + 2*l, 25 = -4*s + 5*l. Suppose -d = 6*y - y - 279, s = 5*d + 5*y - 1435. List the prime factors of d.
17
Suppose -4*t - s = -4, 3*t + 6*s - 3*s + 6 = 0. Let m(w) = -2*w + 3. Let p be m(t). List the prime factors of (-6)/((2/25)/p).
3, 5
Suppose -b = -5*v - 5, b - 5*b = 5*v + 5. Let z(d) = 55*d**2 + 104*d**2 - 35*d**2 + 43*d**2 - d. List the prime factors of z(v).
2, 3, 7
Let w(n) be the second derivative of 143*n**3/6 - 43*n**2 + 73*n. List the prime factors of w(4).
2, 3
Let t(q) = -8902*q**3 + 5*q**2 - q - 6. What are the prime factors of t(-1)?
2, 4451
What are the prime factors of 4/(-14) + (46175643/1701 - (-4)/36)?
2, 7, 277
Let j(n) = -99*n + 7. Let w(i) = -50*i + 4. Let p(k) = -3*j(k) + 5*w(k). Let g be p(1). Suppose 0 = u - g - 112. What are the prime factors of u?
2, 79
Suppose -9101 = -2*k - 4775. List the prime factors of k.
3, 7, 103
Suppose -2*n = 3*n - 775. Let i = 89 - n. Let h = i + 80. What are the prime factors of h?
2, 7
Suppose -3*p + 2*c = -3680, -3*p - 11*c = -494 - 3212. What are the prime factors of p?
2, 307
Suppose 2*j + 3*c = -2*j + 17, 0 = -3*j + 5*c + 49. Suppose 0 = 5*z - j*u + 9*u - 2647, -z + 533 = 2*u. List the prime factors of z.
23
Suppose -122 = -5*u - 3*y, 8*y - 11*y + 100 = 4*u. Suppose 1518 = 11*r + u*r. What are the prime factors of r?
2, 23
Let s(n) = 812*n + 1203. What are the prime factors of s(14)?
13, 967
Suppose 93*y = 94*y + 3, -y + 384569 = 4*j. List the prime factors of j.
79, 1217
Suppose 4*f = -5*i - 16, -2*f - 4*i - i - 18 = 0. Let r be 2/f*(1 - 78/2). List the prime factors of (-1 - r) + 0 + -1 + 2.
2, 19
What are the prime factors of -9 - 7/((-133)/423377)?
2, 7, 37, 43
Suppose 4*n + 168 = 56. Let q be 1/((-58)/n + -2). Suppose 10 = 3*s - q. What are the prime factors of s?
2
Suppose -128*m + 126*m = -2. What are the prime factors of (0 - 1/m) + -11 + 1049?
17, 61
Let s(h) = 2*h**2 + 74*h - 73. Let n be s(-33). Let f = n - -542. List the prime factors of f.
5, 41
Let p be -5*(-218)/(-8) - (-5)/20. Let z = p - -308. List the prime factors of z.
2, 43
Let f(g) = -10*g**3 + 2*g**2 + 7*g + 10. Let q be f(-6). Suppose -562 = 9*z - q. What are the prime factors of z?
2, 7, 13
Suppose -2*q + 15*q + 8*q - 64659 = 0. List the prime factors of q.
3079
Let g = -26634 - -70736. List the prime factors of g.
2, 22051
Let v(s) = 3*s + 10*s + 3*s - 27. Let a be v(7). Suppose -3*i + a = -2*i. List the prime factors of i.
5, 17
Suppose 36 = 22*g - 13*g. Suppose -2*f = -g*m - 466, 0*m - 5*m = -5*f + 1150. What are the prime factors of f?
227
Let j = -46333 + 68113. List the prime factors of j.
2, 3, 5, 11
Let f = -11 + 8. Let u be (f - -5)*(-942)/12. What are the prime factors of u*(1 + (-4)/2)?
157
Let t(f) = f**2 - 2*f + 1. Let x be t(1). Suppose b - 294 = -5*i, -i = -x*b + 4*b - 1138. List the prime factors of b.
2, 71
Suppose 6 = 3*v, 2021 - 31563 = -2*g + 5*v. What are the prime factors of g?
2, 1847
Let i(v) = -436*v - 2593. List the prime factors of i(-102).
41879
Suppose 156*d - 46*d + 173*d - 1368871 = 0. What are the prime factors of d?
7, 691
Suppose 0 = -y + 21*s - 17*s + 21, s = -2*y + 6. Suppose -k - 79 = -f + 130, 2*f + y*k - 439 = 0. What are the prime factors of f?
2, 53
Let y(t) = -10*t**2 - 10*t. Suppose -2*d = 1 - 7. Let r be y(d). What are the prime factors of (-570)/r*(28 + 0/(-2))?
7, 19
Let t = 8482 + -3627. What are the prime factors of t?
5, 971
Suppose 10 = 5*w - 0*w. Suppose 2*z + q - 747 = 0, -w*z + q = -z - 381. List the prime factors of z.
2, 47
Suppose 0 = 8*x - 12 - 12. Suppose -2*q = -o - 4, 20 = 2*o + x*q - 0. Suppose 2*u - 786 = -o*u. What are the prime factors of u?
131
Let c = -11 + 176. Suppose -28*s - c = -29*s. What are the prime factors of s?
3, 5, 11
Let u(p) = 6*p + 98. Let s be u(-16). List the prime factors of 1*(-1036)/(-4)*s.
2, 7, 37
Suppose 5*c = 10*c - 2880. Suppose 4*q - c = -3*o, 0 = 2*o + 3*q + q - 380. Suppose -82 + o = j. List the prime factors of j.
2, 3, 19
Let t(z) = -420*z - 6738. List the prime factors of t(-28).
2, 3, 31
Let f(a) = 2*a**2 - 3. Let x be f(-2). Suppose -2*q + x*q = 0. Suppose 0 = -2*s - 5*g - q + 132, 3*s = 5*g + 223. List the prime factors of s.
71
Suppose 321*t - 86*t - 5510571 - 1006214 = 0. List the prime factors of t.
11, 2521
Suppose 7*r - 173 = 4*r + 4*w, -5 = w. Suppose 0 = 5*q + 4*o - 291, -4*o - 208 = -5*q + r. List the prime factors of q.
5, 11
Suppose -3543 = g + 2*u - 1338, -4*u - 6605 = 3*g. Let y = 3245 + g. What are the prime factors of y?
2, 3, 5, 7
Let i(d) = 2*d + 23. Let b be i(-9). Suppose 583 - 168 = b*p. Suppose 0 = -t + 5*c + p, 0 = 6*t - 3*t - c - 179. List the prime factors of t.
2, 29
Suppose 2*v + 14323 = a, -5*a + 34*v - 36*v + 71687 = 0. What are the prime factors of a?
5, 47, 61
Let d(m) = 14*m**3 + 12*m**2 - 36*m + 194. What are the prime factors of d(6)?
2, 17, 101
Suppose -7*j - 28 = -0*j. Let q = j - -19. List the prime factors of (3 - q/9)/(6/9).
2
Suppose -1577*s = -1593*s + 89760. List the prime factors of s.
2, 3, 5, 11, 17
Suppose -5*u - w - 1 + 7 = 0, -3*w + 1 = -2*u. Suppose 0 = 5*t + 3*x - 2618, -2*x - 9 = -u. List the prime factors of t.
2, 263
Let i = 15 - 11. Suppose 0 = -5*p + 5*k - 310, 5*p + 56 = 4*p + i*k. Let f = p + 170. List the prime factors of f.
2, 53
Suppose -5*y + 13*d = -384413, -89*d + 88*d = -3*y + 230641. What are the prime factors of y?
2, 5, 31
Let h = -73 + 158. Let p = h - -20. Suppose -12 = 4*q, 2*q = 2*d - q - p. List the prime factors of d.
2, 3
What are the prime factors of 3/(13 + 13376230/(-1028944))?
2, 9187
Suppose -d = -15 + 12. Let c be (d + 27/(-12))*-212. Let k = 241 + c. What are the prime factors of k?
2, 41
Let t be (16 - 13)*(-3)/18*2. What are the prime factors of 